{"id":1384,"date":"2017-08-04T09:02:08","date_gmt":"2017-08-04T09:02:08","guid":{"rendered":"http:\/\/maedagua.pt\/?page_id=1384"},"modified":"2017-11-17T12:28:25","modified_gmt":"2017-11-17T12:28:25","slug":"publicacoes","status":"publish","type":"page","link":"https:\/\/maedagua.pt\/?page_id=1384","title":{"rendered":"Publica\u00e7\u00f5es"},"content":{"rendered":"<p>[et_pb_section bb_built=&#8221;1&#8243; _builder_version=&#8221;3.0.65&#8243;][et_pb_row background_position_1=&#8221;top_left&#8221; background_position_2=&#8221;top_left&#8221; background_position_3=&#8221;top_left&#8221; background_repeat_1=&#8221;no-repeat&#8221; background_repeat_2=&#8221;no-repeat&#8221; background_repeat_3=&#8221;no-repeat&#8221; _builder_version=&#8221;3.0.65&#8243;][et_pb_column type=&#8221;1_4&#8243;][et_pb_text admin_label=&#8221;apresenta\u00e7\u00f5es&#8221; _builder_version=&#8221;3.0.89&#8243; text_font=&#8221;|||on|&#8221; text_font_size=&#8221;15px&#8221; text_text_color=&#8221;#ffffff&#8221; background_layout=&#8221;light&#8221;]<\/p>\n<p><span style=\"color: #333333;\">Apresenta\u00e7\u00f5es<\/span><\/p>\n<p>[\/et_pb_text][\/et_pb_column][et_pb_column type=&#8221;3_4&#8243;][et_pb_blurb admin_label=&#8221;CITCEM 2013&#8243; title=&#8221;Disfun\u00e7\u00f5es das paisagens \u2013 quatro temas e um exemplo&#8221; url=&#8221;https:\/\/www.dropbox.com\/s\/701nl43nzbtnxdo\/III%20Encontro%20Citcem.pdf?dl=0&#8243; url_new_window=&#8221;on&#8221; icon_placement=&#8221;left&#8221; max_width_last_edited=&#8221;on|desktop&#8221; _builder_version=&#8221;3.0.89&#8243; header_font=&#8221;|on|||&#8221; header_font_size=&#8221;15px&#8221; header_line_height=&#8221;1.4em&#8221; body_font_size=&#8221;13px&#8221; body_line_height=&#8221;1.4em&#8221; background_color=&#8221;#ffffff&#8221; custom_margin=&#8221;|||&#8221; custom_padding=&#8221;|||&#8221; image_max_width=&#8221;900px&#8221; use_icon=&#8221;off&#8221; use_circle=&#8221;off&#8221; use_circle_border=&#8221;off&#8221; use_icon_font_size=&#8221;off&#8221; background_layout=&#8221;light&#8221; max_width_tablet=&#8221;50px&#8221;]<\/p>\n<p><a href=\"https:\/\/www.dropbox.com\/s\/701nl43nzbtnxdo\/III%20Encontro%20Citcem.pdf?dl=0\" target=\"_blank\" rel=\"noopener noreferrer\">III Encontro CITCEM 2013<\/a><\/p>\n<p><span style=\"color: #333333;\">Organizado pela FHUP, FAUP e Universidade do Minho (Novembro 2013) centrou-se bastante no tema da \u201cPaisagem\u201d, sob o lema \u201cPare, Escute e Olhe\u201d.\u00a0<\/span><span style=\"color: #333333;\">A M\u00e3e d\u2019\u00e1gua participou com a apresenta\u00e7\u00e3o \u201cDisfun\u00e7\u00f5es das Paisagens \u2013 quatro temas e um exemplo\u201d<\/span><\/p>\n<p><a href=\"https:\/\/www.dropbox.com\/s\/701nl43nzbtnxdo\/III%20Encontro%20Citcem.pdf?dl=0\" target=\"_blank\" rel=\"noopener noreferrer\"><span style=\"color: #333333;\">Ler mais&#8230;<\/span><\/a><\/p>\n<p>[\/et_pb_blurb][et_pb_blurb admin_label=&#8221;IAIA 2012&#8243; title=&#8221;Compensation measures at Amareleja solar power station&#8221; url=&#8221;https:\/\/www.dropbox.com\/s\/bdedjv9b0isgr37\/AMPER_IAIA2012.pdf?dl=0&#8243; url_new_window=&#8221;on&#8221; icon_placement=&#8221;left&#8221; max_width_last_edited=&#8221;on|desktop&#8221; _builder_version=&#8221;3.0.89&#8243; header_font=&#8221;|on|||&#8221; header_font_size=&#8221;15px&#8221; header_line_height=&#8221;1.4em&#8221; body_font_size=&#8221;13px&#8221; body_line_height=&#8221;1.4em&#8221; background_color=&#8221;#ffffff&#8221; custom_margin=&#8221;|||&#8221; custom_padding=&#8221;|||&#8221; image_max_width=&#8221;900px&#8221; use_icon=&#8221;off&#8221; use_circle=&#8221;off&#8221; use_circle_border=&#8221;off&#8221; use_icon_font_size=&#8221;off&#8221; background_layout=&#8221;light&#8221; max_width_tablet=&#8221;50px&#8221;]<\/p>\n<p><span style=\"color: #333333;\"><a href=\"https:\/\/www.dropbox.com\/s\/bdedjv9b0isgr37\/AMPER_IAIA2012.pdf?dl=0\" target=\"_blank\" rel=\"noopener noreferrer\">IAIA 2012<\/a><\/span><\/p>\n<p><span style=\"color: #333333;\">A constru\u00e7\u00e3o da Central Solar da Amareleja implicou a afecta\u00e7\u00e3o directa de 280 ha de pastagens de sequeiro com azinhal disperso, parte dos quais inseridos numa Zona de Protec\u00e7\u00e3o Especial da Rede Natura 2000 (ZPE Mour\u00e3o-Barrancos), facto que determinou a exig\u00eancia do estabelecimento de uma s\u00e9rie de medidas de minimiza\u00e7\u00e3o especialmente desenhadas para a popula\u00e7\u00e3o de alcarav\u00e3o. A M\u00e3e d\u00b4\u00e1gua iniciou estes trabalhos em 2008 com, entre outras medidas, a sementeira de prados, a gest\u00e3o da vegeta\u00e7\u00e3o herb\u00e1cea por pastoreio de ovinos e o aumento da popula\u00e7\u00e3o de coelho-bravo. Praticamente 10 anos ap\u00f3s o estabelecimento destas medidas podemos afirmar que as mesmas foram bem-sucedidas, a popula\u00e7\u00e3o de alcarav\u00e3o da zona voltou aos efectivos anteriores \u00e0 constru\u00e7\u00e3o da central! Veja o \u00e2mbito da nossa interven\u00e7\u00e3o neste poster.<\/span><\/p>\n<p><a href=\"https:\/\/www.dropbox.com\/s\/yhnilav1m6cpbng\/ID243_RUFINO_Compensation%20Measures%20Solar%20Power_REV_FINAL.pdf?dl=0\"><span style=\"color: #333333;\">Ler mais&#8230;<\/span><\/a><\/p>\n<p>[\/et_pb_blurb][et_pb_blurb admin_label=&#8221;IBSC 2003&#8243; title=&#8221;Diurnal local bird movements in the area of the new Lisbon Airport&#8221; url=&#8221;https:\/\/www.dropbox.com\/s\/bdedjv9b0isgr37\/AMPER_IAIA2012.pdf?dl=0&#8243; url_new_window=&#8221;on&#8221; icon_placement=&#8221;left&#8221; max_width_last_edited=&#8221;on|desktop&#8221; _builder_version=&#8221;3.0.89&#8243; header_font=&#8221;|on|||&#8221; header_font_size=&#8221;15px&#8221; header_line_height=&#8221;1.4em&#8221; body_font_size=&#8221;13px&#8221; body_line_height=&#8221;1.4em&#8221; background_color=&#8221;#ffffff&#8221; custom_margin=&#8221;|||&#8221; custom_padding=&#8221;|||&#8221; image_max_width=&#8221;900px&#8221; use_icon=&#8221;off&#8221; use_circle=&#8221;off&#8221; use_circle_border=&#8221;off&#8221; use_icon_font_size=&#8221;off&#8221; background_layout=&#8221;light&#8221; max_width_tablet=&#8221;50px&#8221;]<\/p>\n<p><span style=\"color: #333333;\"><a href=\"https:\/\/www.dropbox.com\/s\/eckxi1rn0gvdk73\/IBSC26%20WPOS3.pdf?dl=0\" target=\"_blank\" rel=\"noopener noreferrer\">IBSC 2003<\/a><\/span><\/p>\n<p><span style=\"color: #333333;\">Para o estudo dos movimentos diurnos das aves na \u00e1rea do novo aeroporto de Lisboa na Ota e respectiva avalia\u00e7\u00e3o do risco de colis\u00e3o foram efectuados censos entre Maio de 2001 e Maio de 2002. O m\u00e9todo utilizado foi o <em>panorama-scan<\/em>\u00a0num total de 6 pontos de amostragem que permitiram a cobertura visual da \u00e1rea do aeroporto e uma envolvente at\u00e9 cerca de 1000m. Os dados foram analisados de forma a detectar padr\u00f5es nos movimentos locais observados. Os resultados permitiram identificar per\u00edodos cr\u00edticos em termos de risco de colis\u00e3o, em especial durante a migra\u00e7\u00e3o e a meio do dia.<br \/>\nEste trabalho foi realizado sob o contrato com NAER, S.A., a empresa respons\u00e1vel pelo desenvolvimento do Novo Aeroporto de Lisboa.\u00a0<\/span><\/p>\n<p><a href=\"https:\/\/www.dropbox.com\/s\/eckxi1rn0gvdk73\/IBSC26%20WPOS3.pdf?dl=0\"><span style=\"color: #333333;\">Ler mais&#8230;<\/span><\/a><\/p>\n<p>[\/et_pb_blurb][\/et_pb_column][\/et_pb_row][et_pb_row background_position_1=&#8221;top_left&#8221; background_position_2=&#8221;top_left&#8221; background_position_3=&#8221;top_left&#8221; background_repeat_1=&#8221;no-repeat&#8221; background_repeat_2=&#8221;no-repeat&#8221; background_repeat_3=&#8221;no-repeat&#8221; _builder_version=&#8221;3.0.65&#8243;][et_pb_column type=&#8221;1_4&#8243;][et_pb_text admin_label=&#8221;posters&#8221; _builder_version=&#8221;3.0.89&#8243; text_font=&#8221;|||on|&#8221; text_font_size=&#8221;15px&#8221; text_text_color=&#8221;#ffffff&#8221; background_layout=&#8221;light&#8221;]<\/p>\n<p><span style=\"color: #333333;\">Posters<\/span><\/p>\n<p>[\/et_pb_text][\/et_pb_column][et_pb_column type=&#8221;3_4&#8243;][et_pb_blurb admin_label=&#8221;IAIA 2012&#8243; title=&#8221;Bats adapting to man-made structures The case of the \u201cConcess\u00e3o Transmontana\u201d Highway bridges&#8221; url=&#8221;https:\/\/www.dropbox.com\/s\/sruo7nis3aeahat\/Bats_IAIA2012.pdf?dl=0&#8243; url_new_window=&#8221;on&#8221; icon_placement=&#8221;left&#8221; max_width_last_edited=&#8221;on|desktop&#8221; _builder_version=&#8221;3.0.89&#8243; header_font=&#8221;|on|||&#8221; header_font_size=&#8221;15px&#8221; header_line_height=&#8221;1.4em&#8221; body_font_size=&#8221;13px&#8221; body_line_height=&#8221;1.4em&#8221; background_color=&#8221;#ffffff&#8221; custom_margin=&#8221;|||&#8221; custom_padding=&#8221;|||&#8221; image_max_width=&#8221;900px&#8221; use_icon=&#8221;off&#8221; use_circle=&#8221;off&#8221; use_circle_border=&#8221;off&#8221; use_icon_font_size=&#8221;off&#8221; background_layout=&#8221;light&#8221; max_width_tablet=&#8221;50px&#8221;]<\/p>\n<p><span style=\"color: #333333;\"><a href=\"https:\/\/www.dropbox.com\/s\/5wlahojzi8judd8\/Bats_IAIA2012.pdf?dl=0\" target=\"_blank\" rel=\"noopener noreferrer\">IAIA 2012<\/a><\/span><\/p>\n<p><span style=\"color: #333333;\">Os morcegos est\u00e3o entre os grupos de esp\u00e9cies mais amea\u00e7adas. Tradicionalmente, os morcegos abrigam-se em estruturas naturais como \u00e1rvores velhas e grutas mas o uso de estruturas humanas tem aumentado. As pontes, em particular, podem ser utilizadas como abrigo pelos morcegos dependendo do tipo de estrutura e das caracter\u00edsticas do habitat envolvente. Em alguns pa\u00edses a utiliza\u00e7\u00e3o deste tipo de estruturas \u00e9 conhecida h\u00e1 mais de 30 anos. Em Portugal, foi apenas durante o primeiro ano do Programa de Monitoriza\u00e7\u00e3o da Auto-estrada da Concess\u00e3o Transmontana que se detectou uma col\u00f3nia de maternidade de grandes dimens\u00f5es no viaduto sobre o Rio Tinhela. <\/span><\/p>\n<p><a href=\"https:\/\/www.dropbox.com\/s\/m6296ncdzzt7k4o\/Reis%2C%20Susana.%20%20BATS%20ADAPTING%20TO%20HUMAN-MADE%20STRUCTURES%20-%20THE%20CASE%20OF%20THE%20%E2%80%9CCONCESS%C3%83O%20TRANSMONTANA%E2%80%9D.pdf?dl=0\" target=\"_blank\" rel=\"noopener noreferrer\"><span style=\"color: #333333;\">Ler mais&#8230;<\/span><\/a><\/p>\n<p>[\/et_pb_blurb][et_pb_blurb title=&#8221;Satellite tracking of Little Bustard (Tetrax tetrax) at the Alqueva\/Brovales High Power Line&#8221; url=&#8221;https:\/\/www.dropbox.com\/s\/x1gz5lqgtwtwjif\/PTTs_IAIA2012.pdf?dl=0&#8243; url_new_window=&#8221;on&#8221; icon_placement=&#8221;left&#8221; max_width_last_edited=&#8221;on|desktop&#8221; _builder_version=&#8221;3.0.65&#8243; header_font=&#8221;|on|||&#8221; header_font_size=&#8221;15px&#8221; header_line_height=&#8221;1.4em&#8221; body_font_size=&#8221;13px&#8221; body_line_height=&#8221;1.4em&#8221; background_color=&#8221;#ffffff&#8221; custom_margin=&#8221;|||&#8221; custom_padding=&#8221;|||&#8221; image_max_width=&#8221;100%&#8221;]<\/p>\n<p><span style=\"color: #333333;\"><a href=\"https:\/\/www.dropbox.com\/s\/x1gz5lqgtwtwjif\/PTTs_IAIA2012.pdf?dl=0\" target=\"_blank\" rel=\"noopener noreferrer\">IAIA 2012<\/a><\/span><\/p>\n<p><span style=\"color: #333333;\">A necessidade de conhecer o efeito de exclus\u00e3o, ou barreira, eventualmente induzido por esta linha, sobre a popula\u00e7\u00e3o de sis\u00f5es da \u00e1rea da ZPE Moura \/ Mour\u00e3o \/ Barrancos, cruzada pela mesma, determinou um programa de seguimento de machos desta esp\u00e9cie via sat\u00e9lite. Para tanto houve que capturar as aves e colocar o equipamento de seguimento por sat\u00e9lite. Veja os m\u00e9todos e os resultados\u2026<\/span><\/p>\n<p>[\/et_pb_blurb][et_pb_blurb title=&#8221;Monitoriza\u00e7\u00e3o da Avifauna da Linha Alqueva &#8211; Brovales, a 400 kV&#8221; url=&#8221;https:\/\/www.dropbox.com\/s\/gnc7tma6xrymice\/Alqueva_cnai2010.pdf?dl=0&#8243; url_new_window=&#8221;on&#8221; icon_placement=&#8221;left&#8221; max_width_last_edited=&#8221;on|desktop&#8221; _builder_version=&#8221;3.0.65&#8243; header_font=&#8221;|on|||&#8221; header_font_size=&#8221;15px&#8221; header_line_height=&#8221;1.4em&#8221; body_font_size=&#8221;13px&#8221; body_line_height=&#8221;1.4em&#8221; background_color=&#8221;#ffffff&#8221; custom_margin=&#8221;|||&#8221; custom_padding=&#8221;|||&#8221; image_max_width=&#8221;100%&#8221;]<\/p>\n<p><span style=\"color: #333333;\"><a href=\"https:\/\/www.dropbox.com\/s\/gnc7tma6xrymice\/Alqueva_cnai2010.pdf?dl=0\" target=\"_blank\" rel=\"noopener noreferrer\">CNAI 2010<\/a><\/span><\/p>\n<p><span style=\"color: #333333;\">O Programa de Monitoriza\u00e7\u00e3o da linha Alqueva-Brovales teve in\u00edcio em Janeiro de 2005 e conclus\u00e3o em Julho de 2010, inclui a\u00a0<\/span><span style=\"color: #333333;\">concretiza\u00e7\u00e3o de um programa de ac\u00e7\u00f5es atrav\u00e9s do qual se pretende aferir a magnitude e significado biol\u00f3gico dos impactes produzidos\u00a0<\/span><span style=\"color: #333333;\">na avifauna e a efic\u00e1cia das diversas medidas de minimiza\u00e7\u00e3o de impactes negativos preconizadas no Estudo de Impacte Ambiental (EIA)\u00a0<\/span><span style=\"color: #333333;\">e na Declara\u00e7\u00e3o de Impacte Ambiental (DIA).<\/span><\/p>\n<p>[\/et_pb_blurb][\/et_pb_column][\/et_pb_row][et_pb_row background_position_1=&#8221;top_left&#8221; background_position_2=&#8221;top_left&#8221; background_position_3=&#8221;top_left&#8221; background_repeat_1=&#8221;no-repeat&#8221; background_repeat_2=&#8221;no-repeat&#8221; background_repeat_3=&#8221;no-repeat&#8221; _builder_version=&#8221;3.0.65&#8243;][et_pb_column type=&#8221;1_4&#8243;][et_pb_text admin_label=&#8221;artigos&#8221; _builder_version=&#8221;3.0.69&#8243; text_font=&#8221;|||on|&#8221; text_font_size=&#8221;15px&#8221; text_text_color=&#8221;#ffffff&#8221; background_layout=&#8221;light&#8221; text_orientation=&#8221;left&#8221; border_style=&#8221;solid&#8221;]<\/p>\n<p><span style=\"color: #333333;\">Artigos<\/span><\/p>\n<p>[\/et_pb_text][\/et_pb_column][et_pb_column type=&#8221;3_4&#8243;][et_pb_blurb admin_label=&#8221;armaz\u00e9ns de sal&#8221; title=&#8221;Armaz\u00e9ns de sal do Salgado da Figueira da Foz (Portugal)&#8221; url=&#8221;https:\/\/www.dropbox.com\/s\/rpoep2xdbr5frxh\/El%20Alfoli%2021%202017.pdf?dl=0&#8243; url_new_window=&#8221;on&#8221; icon_placement=&#8221;left&#8221; max_width_last_edited=&#8221;on|desktop&#8221; _builder_version=&#8221;3.0.69&#8243; header_font=&#8221;|on|||&#8221; header_font_size=&#8221;15px&#8221; header_line_height=&#8221;1.4em&#8221; body_font_size=&#8221;13px&#8221; body_line_height=&#8221;1.4em&#8221; background_color=&#8221;#ffffff&#8221; custom_margin=&#8221;|||&#8221; custom_padding=&#8221;|||&#8221; use_icon=&#8221;off&#8221; use_circle=&#8221;off&#8221; use_circle_border=&#8221;off&#8221; use_icon_font_size=&#8221;off&#8221; background_layout=&#8221;light&#8221; border_style=&#8221;solid&#8221; animation=&#8221;top&#8221; image_max_width=&#8221;100%&#8221;]<\/p>\n<p><span style=\"color: #008080;\"><a href=\"https:\/\/www.dropbox.com\/s\/rpoep2xdbr5frxh\/El%20Alfoli%2021%202017.pdf?dl=0\">El Alfol\u00ed 2017<\/a><\/span><\/p>\n<p><span style=\"color: #333333;\">Os armaz\u00e9ns de sal da Figueira da Foz s\u00e3o um extraordin\u00e1rio exemplo de uma arquitectura \u201cfuncional\u201d, perfeitamente adaptada ao meio em que se encontram inseridos e, por isso mesmo, tamb\u00e9m com uma perfeita integra\u00e7\u00e3o na paisagem.<\/span><br \/>\n<span style=\"color: #333333;\">Existem cerca de 250 destas edifica\u00e7\u00f5es, muitas j\u00e1 adulteradas, outras em muito mau estado de conserva\u00e7\u00e3o.<\/span><br \/>\n<span style=\"color: #333333;\">O artigo que public\u00e1mos no \u201cEl Alfol\u00ed\u201d em colabora\u00e7\u00e3o com a Divis\u00e3o de Cultura da CMFF e o Laborat\u00f3rio MareFoz, fez uma carateriza\u00e7\u00e3o sum\u00e1ria da tipologia construtiva e um levantamento da totalidade das edifica\u00e7\u00f5es, bem como uma s\u00e9rie de indica\u00e7\u00f5es para a sua salvaguarda. Esperamos que seja um contributo para a conserva\u00e7\u00e3o deste importante patrim\u00f3nio.<\/span><\/p>\n<p><a href=\"https:\/\/www.dropbox.com\/s\/rpoep2xdbr5frxh\/El%20Alfoli%2021%202017.pdf?dl=0\" target=\"_blank\" rel=\"noopener noreferrer\"><span style=\"color: #333333;\">Ler mais&#8230;<\/span><\/a><\/p>\n<p>[\/et_pb_blurb][et_pb_blurb title=&#8221;A Figueira da Foz e a hist\u00f3ria feminina do sal&#8221; url=&#8221;https:\/\/www.dropbox.com\/s\/u2tia1dfsu5r8r8\/El%20Alfoli%2014%202014.pdf?dl=0&#8243; url_new_window=&#8221;on&#8221; icon_placement=&#8221;left&#8221; max_width_last_edited=&#8221;on|desktop&#8221; _builder_version=&#8221;3.0.69&#8243; header_font=&#8221;|on|||&#8221; header_font_size=&#8221;15px&#8221; header_line_height=&#8221;1.4em&#8221; body_font_size=&#8221;13px&#8221; body_line_height=&#8221;1.4em&#8221; background_color=&#8221;#ffffff&#8221; custom_margin=&#8221;|||&#8221; custom_padding=&#8221;|||&#8221; image_max_width=&#8221;100%&#8221;]<\/p>\n<p><span style=\"color: #333333;\"><a href=\"https:\/\/www.dropbox.com\/s\/u2tia1dfsu5r8r8\/El%20Alfoli%2014%202014.pdf?dl=0\" target=\"_blank\" rel=\"noopener noreferrer\">El Alfol\u00ed 2014<\/a><\/span><\/p>\n<p><span style=\"color: #333333;\">El Alfol\u00ed \u00e9 a revista do IPAISAL (Instituto das Paisagens do Sal), veja neste n\u00famero um pequeno artigo acerca da \u201chist\u00f3ria das mulheres e do sal\u201d.<\/span><\/p>\n<p><a href=\"https:\/\/www.dropbox.com\/s\/u2tia1dfsu5r8r8\/El%20Alfoli%2014%202014.pdf?dl=0\" target=\"_blank\" rel=\"noopener noreferrer\"><span style=\"color: #333333;\">Ler mais&#8230;<\/span><\/a><\/p>\n<p>[\/et_pb_blurb][et_pb_blurb title=&#8221;A avifauna aqu\u00e1tica das salinas estuarinas da Ria de Aveiro e da Foz do Rio Mondego&#8221; url=&#8221;https:\/\/www.dropbox.com\/s\/b07zskic14tsk0c\/captar.pdf?dl=0&#8243; url_new_window=&#8221;on&#8221; icon_placement=&#8221;left&#8221; max_width_last_edited=&#8221;on|desktop&#8221; _builder_version=&#8221;3.0.65&#8243; header_font=&#8221;|on|||&#8221; header_font_size=&#8221;15px&#8221; header_line_height=&#8221;1.4em&#8221; body_font_size=&#8221;13px&#8221; body_line_height=&#8221;1.4em&#8221; background_color=&#8221;#ffffff&#8221; custom_margin=&#8221;|||&#8221; custom_padding=&#8221;|||&#8221; image_max_width=&#8221;100%&#8221;]<\/p>\n<p><span style=\"color: #333333;\"><a href=\"https:\/\/www.dropbox.com\/s\/b07zskic14tsk0c\/captar.pdf?dl=0\" target=\"_blank\" rel=\"noopener noreferrer\">CAPTAR 2011<\/a><\/span><\/p>\n<p><span style=\"color: #333333;\">O Projecto INTERREG ECOSAL Atlantis teve uma importante componente ligada \u00e0 biodiversidade. Este artigo aborda o ciclo anual das popula\u00e7\u00f5es de aves em duas salinas, uma em Aveiro, outra na Figueira da Foz. A primeira autora (Tamira Cruz) fez o seu est\u00e1gio de licenciatura em Biologia (UAveiro) sob a orienta\u00e7\u00e3o da M\u00e3e d\u2019\u00e1gua.<\/span><\/p>\n<p><a href=\"https:\/\/www.dropbox.com\/s\/b07zskic14tsk0c\/captar.pdf?dl=0\" target=\"_blank\" rel=\"noopener noreferrer\"><span style=\"color: #333333;\">Ler mais&#8230;<\/span><\/a><\/p>\n<p>[\/et_pb_blurb][\/et_pb_column][\/et_pb_row][et_pb_row background_position_1=&#8221;top_left&#8221; background_position_2=&#8221;top_left&#8221; background_position_3=&#8221;top_left&#8221; background_repeat_1=&#8221;no-repeat&#8221; background_repeat_2=&#8221;no-repeat&#8221; background_repeat_3=&#8221;no-repeat&#8221; _builder_version=&#8221;3.0.65&#8243;][et_pb_column type=&#8221;1_4&#8243;][et_pb_text _builder_version=&#8221;3.0.65&#8243; text_font=&#8221;|||on|&#8221; text_font_size=&#8221;15px&#8221; text_text_color=&#8221;#ffffff&#8221;]<\/p>\n<p><span style=\"color: #333333;\">Roteiros<\/span><\/p>\n<p>[\/et_pb_text][\/et_pb_column][et_pb_column type=&#8221;3_4&#8243;][et_pb_blurb title=&#8221;Alvoco da Serra &#8211; Roteiro da Freguesia, Caminhos pela Hist\u00f3ria e pela Natureza&#8221; url=&#8221;https:\/\/www.dropbox.com\/s\/y6quz707digmmzs\/roteiro_alvoco_da_serra_web.pdf?dl=0&#8243; url_new_window=&#8221;on&#8221; icon_placement=&#8221;left&#8221; max_width_last_edited=&#8221;on|desktop&#8221; _builder_version=&#8221;3.0.65&#8243; header_font=&#8221;|on|||&#8221; header_font_size=&#8221;15px&#8221; header_line_height=&#8221;1.4em&#8221; body_font_size=&#8221;13px&#8221; body_line_height=&#8221;1.4em&#8221; background_color=&#8221;#ffffff&#8221; custom_margin=&#8221;|||&#8221; custom_padding=&#8221;|||&#8221; image_max_width=&#8221;100%&#8221;]<\/p>\n<p><span style=\"color: #333333;\">Uma pequena aldeia da montanha, na sombra da maior serra de Portugal. Um local esquecido, com um pequeno e grande patrim\u00f3nio desconhecido\u2026<\/span><\/p>\n<p><a href=\"https:\/\/www.dropbox.com\/s\/y6quz707digmmzs\/roteiro_alvoco_da_serra_web.pdf?dl=0\" target=\"_blank\" rel=\"noopener noreferrer\"><span style=\"color: #333333;\">Ler mais&#8230;<\/span><\/a><\/p>\n<p>[\/et_pb_blurb][\/et_pb_column][\/et_pb_row][et_pb_row background_position_1=&#8221;top_left&#8221; background_position_2=&#8221;top_left&#8221; background_position_3=&#8221;top_left&#8221; background_repeat_1=&#8221;no-repeat&#8221; background_repeat_2=&#8221;no-repeat&#8221; background_repeat_3=&#8221;no-repeat&#8221; _builder_version=&#8221;3.0.65&#8243;][et_pb_column type=&#8221;1_4&#8243;][et_pb_text _builder_version=&#8221;3.0.65&#8243; text_font=&#8221;||on|on|&#8221; text_font_size=&#8221;15px&#8221; text_text_color=&#8221;#ffffff&#8221;]<\/p>\n<p><span style=\"color: #333333;\">Newsletters<\/span><\/p>\n<p>[\/et_pb_text][\/et_pb_column][et_pb_column type=&#8221;3_4&#8243;][et_pb_blurb title=&#8221;ECOSAL Atlantis&#8221; url_new_window=&#8221;on&#8221; icon_placement=&#8221;left&#8221; max_width_last_edited=&#8221;on|desktop&#8221; _builder_version=&#8221;3.0.65&#8243; header_font=&#8221;|on|||&#8221; header_font_size=&#8221;15px&#8221; header_line_height=&#8221;1.4em&#8221; body_font_size=&#8221;13px&#8221; body_line_height=&#8221;1.4em&#8221; background_color=&#8221;#ffffff&#8221; custom_margin=&#8221;|||&#8221; custom_padding=&#8221;|||&#8221; image_max_width=&#8221;100%&#8221;]<\/p>\n<p><span style=\"color: #333333;\">A M\u00e3e d\u00b4\u00e1gua, enquanto entidade coordenadora nacional para o INTERREG ECOSAL Atlantis, teve a seu cargo parte dos conte\u00fados dos n\u00fameros da newsletter trimestral do projecto. Em cada n\u00famero surgiu um \u201cpersonagem\u201d relacionado com o s\u00edtio ou o tema abordado nesse n\u00famero. Pessoas, animais e objectos foram assim transformados nesses personagens\u2026<\/span><\/p>\n<p><a href=\"http:\/\/ecosal-atlantis.ua.pt\/index.php?q=pt-pt\/content\/ecosal-atlantis-newsletters\" target=\"_blank\" rel=\"noopener noreferrer\"><span style=\"color: #333333;\">ECOSAL ATLANTIS Newsletters&#8230;<\/span><\/a><\/p>\n<p>[\/et_pb_blurb][\/et_pb_column][\/et_pb_row][\/et_pb_section]<\/p>\n","protected":false},"excerpt":{"rendered":"<p>[et_pb_section bb_built=&#8221;1&#8243; _builder_version=&#8221;3.0.65&#8243;][et_pb_row background_position_1=&#8221;top_left&#8221; background_position_2=&#8221;top_left&#8221; background_position_3=&#8221;top_left&#8221; background_repeat_1=&#8221;no-repeat&#8221; background_repeat_2=&#8221;no-repeat&#8221; background_repeat_3=&#8221;no-repeat&#8221; _builder_version=&#8221;3.0.65&#8243;][et_pb_column type=&#8221;1_4&#8243;][et_pb_text admin_label=&#8221;apresenta\u00e7\u00f5es&#8221; _builder_version=&#8221;3.0.89&#8243; text_font=&#8221;|||on|&#8221; text_font_size=&#8221;15px&#8221; text_text_color=&#8221;#ffffff&#8221; background_layout=&#8221;light&#8221;] Apresenta\u00e7\u00f5es [\/et_pb_text][\/et_pb_column][et_pb_column type=&#8221;3_4&#8243;][et_pb_blurb admin_label=&#8221;CITCEM 2013&#8243; title=&#8221;Disfun\u00e7\u00f5es das paisagens \u2013 quatro temas e um exemplo&#8221; url=&#8221;https:\/\/www.dropbox.com\/s\/701nl43nzbtnxdo\/III%20Encontro%20Citcem.pdf?dl=0&#8243; url_new_window=&#8221;on&#8221; icon_placement=&#8221;left&#8221; max_width_last_edited=&#8221;on|desktop&#8221; _builder_version=&#8221;3.0.89&#8243; header_font=&#8221;|on|||&#8221; header_font_size=&#8221;15px&#8221; header_line_height=&#8221;1.4em&#8221; body_font_size=&#8221;13px&#8221; body_line_height=&#8221;1.4em&#8221; background_color=&#8221;#ffffff&#8221; custom_margin=&#8221;|||&#8221; custom_padding=&#8221;|||&#8221; image_max_width=&#8221;900px&#8221; use_icon=&#8221;off&#8221; use_circle=&#8221;off&#8221; use_circle_border=&#8221;off&#8221; use_icon_font_size=&#8221;off&#8221; background_layout=&#8221;light&#8221; max_width_tablet=&#8221;50px&#8221;] III Encontro CITCEM 2013 [&hellip;]<\/p>\n","protected":false},"author":1,"featured_media":0,"parent":0,"menu_order":0,"comment_status":"closed","ping_status":"closed","template":"","meta":{"_et_pb_use_builder":"on","_et_pb_old_content":"","_et_gb_content_width":"","_mi_skip_tracking":false,"footnotes":""},"class_list":["post-1384","page","type-page","status-publish","hentry"],"_links":{"self":[{"href":"https:\/\/maedagua.pt\/index.php?rest_route=\/wp\/v2\/pages\/1384","targetHints":{"allow":["GET"]}}],"collection":[{"href":"https:\/\/maedagua.pt\/index.php?rest_route=\/wp\/v2\/pages"}],"about":[{"href":"https:\/\/maedagua.pt\/index.php?rest_route=\/wp\/v2\/types\/page"}],"author":[{"embeddable":true,"href":"https:\/\/maedagua.pt\/index.php?rest_route=\/wp\/v2\/users\/1"}],"replies":[{"embeddable":true,"href":"https:\/\/maedagua.pt\/index.php?rest_route=%2Fwp%2Fv2%2Fcomments&post=1384"}],"version-history":[{"count":32,"href":"https:\/\/maedagua.pt\/index.php?rest_route=\/wp\/v2\/pages\/1384\/revisions"}],"predecessor-version":[{"id":2250,"href":"https:\/\/maedagua.pt\/index.php?rest_route=\/wp\/v2\/pages\/1384\/revisions\/2250"}],"wp:attachment":[{"href":"https:\/\/maedagua.pt\/index.php?rest_route=%2Fwp%2Fv2%2Fmedia&parent=1384"}],"curies":[{"name":"wp","href":"https:\/\/api.w.org\/{rel}","templated":true}]}}